 12) in base 13?
c3739
What is -101101100110101000110 (base 2) in base 10?
-1494342
-29891 (base 14) to base 3
-12020121002
What is -414205243 (base 6) in base 4?
-123132033123
Convert 100101011010000001001 (base 2) to base 5.
303210422
Convert 8452b3 (base 13) to base 3.
12211021222210
Convert a75c0 (base 13) to base 12.
12691a
What is -113302133 (base 4) in base 11?
-67231
347547 (base 8) to base 14
31339
-67712 (base 13) to base 15
-3aa48
Convert 1602275 (base 10) to base 4.
12013023203
Convert 28a35 (base 11) to base 5.
2304203
What is 493a7b (base 13) in base 9?
3257335
Convert -cd54c (base 15) to base 12.
-275790
Convert 42e7f (base 16) to base 10.
274047
What is -51161162 (base 7) in base 16?
-411c05
-1879d3 (base 14) to base 15
-121a3e
-406460 (base 7) to base 3
-10112100222
What is 26666 (base 14) in base 11?
65056
What is 121d3 (base 14) in base 9?
66665
-309574 (base 10) to base 7
-2426356
Convert -108539 (base 13) to base 7.
-3212222
What is 44106 (base 11) in base 13?
231a3
Convert 8751 (base 16) to base 4.
20131101
Convert -4193162 (base 11) to base 2.
-11100001010100011001110
Convert -1281138 (base 10) to base 6.
-43243110
What is 4140040 (base 6) in base 5?
22341413
-33590 (base 12) to base 16
-10a7c
What is -11111110010101010 (base 2) in base 5?
-13131333
Convert -1683c4 (base 13) to base 16.
-88f06
What is -10101010010000110 (base 2) in base 16?
-15486
What is -1643136 (base 7) in base 10?
-229200
505155 (base 7) to base 3
11100202020
What is 1012330011 (base 4) in base 10?
290565
641304 (base 10) to base 8
2344430
What is -16257471 (base 8) in base 12?
-1313a75
-10120110002 (base 3) to base 5
-4222220
1001001001011001000 (base 2) to base 15
5dc15
Convert 34442103 (base 5) to base 16.
4c359
What is -78314 (base 13) in base 4?
-311032223
-1634122 (base 7) to base 15
-47471
What is 5a808 (base 16) in base 7?
3102514
What is 121014331 (base 6) in base 5?
1041212211
213245025 (base 6) to base 16
39ff89
Convert -111122000020 (base 3) to base 7.
-2165103
Convert -581628 (base 10) to base 12.
-240710
What is 1435568 (base 9) in base 14?
1685cc
79036 (base 15) to base 5
44303201
Convert 7a3361 (base 11) to base 6.
43221314
-30064664 (base 7) to base 15
-341c32
What is -1211107 (base 8) in base 15?
-68724
Convert 1022021000101 (base 3) to base 7.
5620243
What is -133443205 (base 6) in base 5?
-1142241110
162000 (base 8) to base 5
3331433
14727aa (base 11) to base 14
4990a5
What is -202210211000 (base 3) in base 2?
-1100011111111011011
What is -1021100222 (base 3) in base 10?
-25055
What is -1290c18 (base 14) in base 16?
-889dd6
Convert 1424538 (base 9) to base 7.
6444023
-2113231303 (base 4) to base 2
-10010111101101110011
-114bb (base 14) to base 13
-16222
What is 211000221200110 (base 3) in base 8?
54527731
What is 101110000001000111001 (base 2) in base 5?
341223042
-40234243 (base 5) to base 10
-321198
Convert 2025715 (base 8) to base 2.
10000010101111001101
Convert -2212366 (base 7) to base 14.
-712a6
-2231331 (base 5) to base 13
-15036
Convert 133476 (base 15) to base 13.
263aba
Convert -24311023 (base 5) to base 11.
-146a70
Convert -a47345 (base 13) to base 12.
-1354039
a9aa0 (base 15) to base 14
10061b
What is 202601 (base 8) in base 10?
66945
What is -11000010101010011 (base 2) in base 3?
-12001201101
What is -331175 (base 8) in base 5?
-12024404
What is -51057 (base 14) in base 13?
-6a935
-80db4 (base 16) to base 3
-222211000000
-2b500 (base 15) to base 10
-139500
Convert 2102222100000 (base 3) to base 6.
43500000
What is -1111300350 (base 6) in base 16?
-b8be6a
-101122221000 (base 3) to base 10
-209898
22112103013 (base 4) to base 2
1010010110010011000111
What is 15b20c (base 14) in base 15?
1004e7
100011011000100010 (base 2) to base 15
2ce20
What is -267232 (base 14) in base 2?
-101000011101011011100
Convert -430417 (base 9) to base 12.
-104337
What is -9b28a (base 12) in base 13?
-72a12
Convert 115d0 (base 16) to base 14.
1bcc0
What is 1100111303 (base 4) in base 2?
1010000010101110011
-b94461 (base 13) to base 12
-15599bb
What is 21ca6b (base 16) in base 11?
1282879
Convert 52122442 (base 8) to base 2.
101010001010010100100010
-d6807 (base 15) to base 16
-a60f6
What is 1213600 (base 7) in base 2?
100101110101101011
Convert 127330 (base 8) to base 4.
22323120
What is -2510d7 (base 16) in base 8?
-11210327
11210211100 (base 3) to base 9
153740
36a1 (base 16) to base 5
421420
What is 7345034 (base 8) in base 15?
2886c4
Convert 33578 (base 16) to base 3.
101200110202
Convert 1e17 (base 16) to base 4.
1320113
What is -13a504 (base 14) in base 3?
-1021121211121
Convert 168231 (base 10) to base 12.
81433
1543053 (base 6) to base 3
11122101020
Convert -21030221132 (base 4) to base 12.
-983392
Convert -11a40 (base 14) to base 3.
-2012020010
What is 2332665 (base 7) in base 9?
487200
13101016 (base 7) to base 6
41330101
Convert 63e1b (base 15) to base 12.
13358b
Convert -b0dc86 (base 15) to base 6.
-500012030
Convert -21142223 (base 5) to base 14.
-48b2d
1356b2 (base 12) to base 10
320678
-420734 (base 12) to base 14
-1d0320
What is -4833d (base 14) in base 11?
-110476
11010101101010100 (base 2) to base 5
12000041
What is -33002301 (base 5) in base 6?
-10011332
Convert 6370a (base 11) to base 7.
534152
45d9b9 (base 16) to base 8
21354671
What is -11020100102 (base 3) in base 14?
-22544
Convert 373866 (base 11) to base 6.
20354333
3479334 (base 10) to base 6
202324010
Convert -1013243010 (base 5) to base 2.
-111111101100101010111
Convert 1212524215 (base 6) to base 16.
d35fb3
222220102222201 (base 3) to base 12
495679a
-4322132 (base 5) to base 12
-365a1
What is -5e21d (base 15) in base 10?
-300853
-3064585 (base 9) to base 2
-110001111101011011111
What is 30d84 (base 15) in base 13?
55693
-38a5 (base 13) to base 5
-224303
-3122044243 (base 5) to base 7
-105513116
What is -14002243 (base 6) in base 11?
-299a29
Convert -10222111121212 (base 3) to base 11.
-1215879
100201111020002 (base 3) to base 9
10644202
Convert 17cc35 (base 14) to base 10.
842063
Convert -1200222210000 (base 3) to base 9.
-1628700
1220332123 (base 4) to base 5
102224404
4e31ae (base 16) to base 11
2990150
Convert 93426 (base 10) to base 3.
11202011020
121211022 (base 4) to base 10
104778
Convert -573202 (base 8) to base 7.
-1436055
Convert -512020331 (base 6) to base 10.
-8774047
680665 (base 10) to base 14
13a0ad
524680 (base 9) to base 16
4c221
-10627344 (base 8) to base 9
-4303820
Convert 218660 (base 13) to base 3.
1111010102102
Convert -1245053 (base 6) to base 16.
-10b99
Convert 4634066 (base 7) to base 6.
20233245
Convert -107227 (base 8) to base 16.
-8e97
-3141314011 (base 5) to base 8
-31104327
Convert 34412 (base 9) to base 15.
6bde
Convert aaa20 (base 12) to base 15.
46ed9
55249 (base 13) to base 14
40297
What is 17460600 (base 8) in base 4?
33212012000
What is 5812 (base 11) in base 8?
16724
What is -2000122212012 (base 3) in base 12?
-43a765
What is -23153026 (base 9) in base 12?
-3928b06
-615a5 (base 16) to base 2
-1100001010110100101
Convert -228888 (base 12) to base 3.
-1001011020112
Convert -71c560 (base 15) to base 16.
-5284dd
-43982b (base 16) to base 8
-20714053
What is 620167 (base 9) in base 3?
200200012021
Convert cbb2c (base 15) to base 10.
647142
-42713 (base 10) to base 6
-525425
-101122220012220 (base 3) to base 10
-5666676
What is -304767 (base 9) in base 14?
-49bc7
Convert 111001101000101111 (base 2) to base 3.
102222211200
What is -757013 (base 8) in base 4?
-331320023
Convert -30103010223 (base 4) to base 7.
-36254661
What is -1175821 (base 10) in base 14?
-228713
Convert -1114314002 (base 5) to base 7.
-30130460
-4922ca (base 13) to base 10
-1747119
Convert -415282 (base 9) to base 13.
-88352
What is -3728 (base 9) in base 7?
-11051
What is 1633a1 (base 15) in base 2?
100000110001110011100
1b40531 (base 12) to base 13
12840ca
Convert 44ecd (base 15) to base 3.
102010212211
What is 69b279 (base 15) in base 4?
103100303130
61043640 (base 7) to base 6
300355330
231333322303 (base 4) to base 8
55777263
12b97d (base 16) to base 10
1227133
What is 212031301002 (base 4) in base 14?
148ab74
-1011001001001110011 (base 2) to base 12
-1573ab
Convert -1332b (base 13) to base 9.
-53862
Convert 3142501 (base 6) to base 7.
1206433
Convert -1